39*w**2 + 93*w - 154. Determine x(37).
549
Let h(q) = -16*q + 329. What is h(23)?
-39
Let d(m) = -38*m**3 + 8*m**2 - 16*m + 8. What is d(1)?
-38
Let c(k) = 2*k**2 - 306*k - 7303. What is c(-21)?
5
Let s(u) = -4*u**3 + 132*u**2 - 1086*u - 35. Determine s(16).
-3
Let b(m) = -3*m**2 - 70*m - 352. Determine b(-7).
-9
Let t(o) = 7*o**2 + 133*o + 651. Give t(-10).
21
Let b(k) = 16*k + 35. What is b(3)?
83
Let p(h) = 5*h**3 - 192*h**2 + 63*h + 505. What is p(38)?
11
Let c(g) = -56*g**2 + 8*g + 7. Give c(-1).
-57
Let h(u) = 6*u**2 - 19*u + 32. Give h(2).
18
Let x(d) = 1737*d - 10446. Give x(6).
-24
Let v(j) = -j**3 + 24*j**2 + 4*j - 88. Calculate v(24).
8
Let q(s) = s**2 - 7*s - 198. What is q(18)?
0
Let l(b) = -b**3 + 21*b**2 - 37*b - 9. Give l(19).
10
Let l(z) = -z**3 - 72*z**2 + 77*z + 67. Give l(-73).
-225
Let b(m) = 10*m - 90. Calculate b(-13).
-220
Let d(y) = 4*y**3 + 13*y**2 - 3*y - 53. What is d(-6)?
-431
Let g(x) = 569*x + 2281. What is g(-4)?
5
Let n(p) = -3*p**3 - 34*p**2 + 25*p + 23. Give n(-12).
11
Let a(u) = 8*u**2 + 107*u - 107. Determine a(1).
8
Let g(o) = 5*o**2 - 39*o - 12. Give g(8).
-4
Let r(w) = -82*w**2 - 2*w + 5. Give r(0).
5
Let b(s) = 7*s + 223. Calculate b(-39).
-50
Let p(l) = -5*l**2 - 24*l + 9. Give p(-5).
4
Let j(r) = -9*r**2 + 397*r - 56. Calculate j(44).
-12
Let m(k) = -3*k**2 - 12*k. What is m(-4)?
0
Let o(t) = -40*t - 1430. What is o(-36)?
10
Let y(m) = 84*m - 6560. Calculate y(78).
-8
Let h(z) = -z**2 + 785*z - 8441. Determine h(11).
73
Let l(k) = 276*k - 848. Give l(5).
532
Let r(b) = b**2 - 39*b - 1148. Calculate r(-19).
-46
Let a(c) = 3*c**2 - 22*c + 38. Determine a(13).
259
Let f(b) = 83*b - 341. Determine f(6).
157
Let r(i) = -3*i**2 - 9*i - 40. Determine r(-4).
-52
Let d(v) = 246*v + 2213. Give d(-9).
-1
Let f(p) = -p**3 + 28*p**2 + 404*p - 11849. Give f(26).
7
Let g(a) = -338*a - 272. Give g(-1).
66
Let u(y) = -6*y**3 - 11*y**2 + 8*y + 67. Calculate u(-4).
243
Let p(k) = -4*k**2 + 829*k - 4050. Give p(5).
-5
Let j(p) = p**3 + 29*p**2 + 121*p + 57. Calculate j(-5).
52
Let u(g) = 96*g + 1139. What is u(-12)?
-13
Let p(d) = -2*d**3 + 8*d**2 + 81*d - 247. Give p(3).
14
Let q(a) = a**3 + 122*a**2 + 2354*a + 130. Determine q(-98).
-66
Let u(r) = 41*r - 4040. Calculate u(98).
-22
Let t(b) = 141*b**2 + 1978*b + 52. What is t(-14)?
-4
Let g(b) = -b**3 - 27*b**2 - 39*b + 3. Calculate g(-26).
341
Let c(u) = -u**3 - 53*u**2 - 100*u + 88. Give c(-51).
-14
Let a(o) = -85*o + 29. Calculate a(3).
-226
Let l(c) = 648*c**2 + 5831*c + 18. Determine l(-9).
27
Let q(s) = -5*s**2 + 177*s + 176. Give q(38).
-318
Let a(s) = -49*s - 298. Calculate a(-6).
-4
Let j(o) = 5*o**3 - 55*o**2 + 83*o - 12. Calculate j(9).
-75
Let d(p) = -p**2 + 180*p + 4675. Give d(-23).
6
Let i(w) = 2361*w**2 + 11808*w + 6. Calculate i(-5).
-9
Let u(h) = 3*h**2 - 46*h + 134. What is u(12)?
14
Let f(o) = 2*o**2 - 48*o + 264. What is f(15)?
-6
Let c(t) = -t**2 + 22*t + 65. Determine c(-2).
17
Let r(t) = 4*t**2 - 321*t + 85. Calculate r(80).
5
Let x(f) = -f**3 + 41*f**2 + 450*f - 42. Calculate x(50).
-42
Let d(p) = -3*p**2 - 34*p - 30. What is d(-1)?
1
Let n(f) = -3*f**2 + 169*f + 847. Give n(61).
-7
Let k(p) = 4018*p - 16081. What is k(4)?
-9
Let n(m) = -33*m - 908. What is n(-27)?
-17
Let p(o) = -3*o**3 - 2*o**2 - 8*o + 25. Give p(2).
-23
Let q(p) = -p**2 + 68*p + 10484. Give q(142).
-24
Let c(z) = 4*z**2 + 48*z + 13. Give c(-9).
-95
Let q(i) = 165*i + 1973. Give q(-12).
-7
Let a(l) = 25*l - 7. What is a(0)?
-7
Let d(u) = -u**3 + 30*u**2 + 80*u - 1520. Calculate d(31).
-1
Let h(b) = 30*b**2 - 2575*b - 425. What is h(86)?
5
Let b(m) = -5*m**2 - 580*m + 10. Determine b(-116).
10
Let t(n) = -6*n**2 + 451*n + 854. Give t(77).
7
Let x(t) = t**2 - 112*t + 2989. Give x(68).
-3
Let w(k) = -109*k + 3972. What is w(37)?
-61
Let p(i) = -i**3 + 72*i**2 + 672*i - 2564. What is p(80)?
-4
Let w(r) = 94*r - 5565. Give w(59).
-19
Let s(g) = 6*g**2 + 13*g - 74. Determine s(-8).
206
Let p(m) = m**3 - 10*m**2 - 6*m + 126. Determine p(9).
-9
Let l(d) = 31*d - 10. Give l(1).
21
Let j(z) = 4*z + 22. Calculate j(-3).
10
Let c(z) = -200*z - 17783. Determine c(-89).
17
Let m(s) = 10*s**2 + 41*s + 1. What is m(-6)?
115
Let f(u) = u**3 + 42*u**2 + 246*u + 2280. Calculate f(-37).
23
Let l(s) = -54*s - 478. Determine l(-9).
8
Let x(f) = f**3 + 4*f**2 + 5*f - 5. Determine x(-4).
-25
Let f(i) = 11*i**2 - 179*i - 126. Calculate f(17).
10
Let l(v) = 5*v**3 + 364*v**2 - 75*v - 356. What is l(-73)?
-210
Let z(l) = -36*l**2 - 54*l + 42. Calculate z(-2).
6
Let v(l) = l**3 + 2*l**2 - 24*l - 7. Give v(0).
-7
Let x(s) = 82*s - 40. Calculate x(-2).
-204
Let i(u) = -654*u + 2621. Calculate i(4).
5
Let r(n) = -n**3 - 81*n**2 - 159*n - 94. Calculate r(-79).
-15
Let k(z) = 35*z - 45. What is k(1)?
-10
Let h(s) = -s**3 + 854*s**2 - 6773*s + 34. Determine h(8).
-6
Let m(a) = -a**3 + 63*a**2 + 63*a + 46. Give m(64).
-18
Let i(l) = 29*l - 678. What is i(32)?
250
Let s(k) = -21*k - 17. Determine s(4).
-101
Let w(p) = -2*p**2 - 108*p - 236. What is w(-48)?
340
Let x(j) = 8*j**2 + 75*j + 192. Give x(-4).
20
Let q(g) = 709*g - 2118. Give q(3).
9
Let r(y) = -y**2 - 174*y + 9. Determine r(0).
9
Let l(j) = 2*j**3 - 28*j**2 - 49*j + 356. What is l(15)?
71
Let j(u) = 17*u**3 - 493*u**2 + 11. Give j(29).
11
Let b(x) = 7*x**3 + 323*x**2 + 25*x - 983. Determine b(-46).
-17
Let f(k) = -k**2 + 27*k + 390. Give f(37).
20
Let z(y) = -y**2 + 62*y - 845. What is z(30)?
115
Let g(w) = w**3 - 28*w**2 - 5*w + 155. Give g(28).
15
Let b(m) = m**3 - 28*m**2 + 72*m + 25. What is b(25)?
-50
Let w(p) = -80*p - 48. Calculate w(0).
-48
Let g(c) = 4*c**2 - 167*c + 133. Give g(41).
10
Let i(f) = -88*f - 14. What is i(0)?
-14
Let l(o) = 18*o**2 + 4*o + 3. Determine l(-1).
17
Let u(j) = 16*j - 2026. What is u(123)?
-58
Let g(o) = 7*o**2 + 16*o + 16. Calculate g(-8).
336
Let a(b) = -7*b**2 + 737*b - 196. Determine a(105).
14
Let u(s) = -1403*s + 5606. What is u(4)?
-6
Let v(j) = -j - 20. Determine v(-24).
4
Let b(o) = -o**3 - 22*o**2 + 557*o - 52. Determine b(15).
-22
Let c(k) = -36*k + 1790. Determine c(49).
26
Let y(v) = v**3 + 42*v**2 - 1160*v - 74. Give y(-61).
-13
Let w(l) = 2*l - 59. What is w(21)?
-17
Let h(y) = -802*y + 25670. Determine h(32).
6
Let m(f) = -145*f - 355. Calculate m(-6).
515
Let i(d) = -3*d**2 - 119*d + 110. Determine i(-41).
-54
Let h(p) = -19*p + 129. Determine h(10).
-61
Let a(u) = u**3 + 12*u**2 + 49*u + 165. Give a(-8).
29
Let d(v) = 23*v - 1531. Calculate d(67).
10
Let g(w) = -2*w**3 + 42*w**2 - 46*w + 124. Give g(20).
4
Let d(r) = -13*r + 313. Determine d(22).
27
Let n(h) = 1761*h + 10550. Calculate n(-6).
-16
Let n(r) = r**3 - 6*r**2 - 13*r - 46. Determine n(8).
-22
Let w(i) = i**3 - 8*i**2 - 38*i - 2. Give w(10).
-182
Let r(b) = b**2 + 47*b - 1949. What is r(-74)?
49
Let i(t) = -t**3 + 11*t**2 + 12*t + 421. Give i(14).
1
Let w(t) = 5*t**2 + 27*t - 30. Give w(1).
2
Let u(n) = -3*n**2 - 648*n - 5865. Calculate u(-9).
-276
Let g(p) = 2*p**2 - 1121*p + 7766. Determine g(7).
17
Let g(a) = 14*a**3 - 2*a**2 + 17*a - 33. Calculate g(2).
105
Let d(u) = u**2 + 18*u + 34. Give d(-6).
-38
Let u(j) = j**2 + 17*j - 377. What is u(-30)?
13
Let q(k) = k**2 + 8*k - 427. What is q(-26)?
41
Let k(m) = 46*m**2 + 1025*m + 288. Give k(-22).
2
Let s(i) = i**2 - i - 20. Calculate s(-12).
136
Let p(v) = -106*v - 690. Give p(-5).
-160
Let k(z) = 19*z**2 - 52*z + 19. Give k(3).
34
Let y(t) = 26*t**2 + 300*t + 35. Calculate y(-11).
-119
Let m(v) = 19*v + 195. Calculate m(-17).
-128
Let t(m) = -2*m**3 - 107*m**2 + 13104*m + 5. Calculate t(-112).
5
Let a(d) = 3*d**2 + 418*d + 2490. Give a(-6).
90
Let c(j) = -1856*j + 25975. Determine c(14).
-9
Let o(z) = z**3 + 7*z**2 - 32*z + 32. Determine o(2).
4
Let k(f) = f**2 + 18*f - 814. Determine k(21).
5
Let h(s) = s**2 + 4*s + 27. Give h(-15).
192
Let w(q) = -2*q**3 - 93*q**2 + 343*q - 344. What is w(-50)?
6
Let u(a) = -17*a + 93. What is u(19)?
-230
Let d(b) = -b**3 - 5*b**2 - 2*b - 57. Calculate d(0).
-57
Let m(v) = -7*v - 50. Give m(-31).
167
Let j(o) = -o**3 + 10*o**2 + 5*o + 88. Determine j(11).
22
Let p(f) = f**3 - 14*f**2 - 18*f. Give p(14).
-252
Let h(o) = -4*o**2 + 187*o - 1242. Calculate h(8).
-2
Let u(o) = -7*o**3 - 79*o**2 + 19*o + 57. Give u(-10).
-1033
Let p(k) = 3*k**3 - 185*k*